11-30 04:57:56.687: A/STECamera(1501): CAM API[001354251476692523591]: enableMsgType() Pid: 1501 Tid: 1782 Pri: 0 This: 0xc0958 MsgType: CAMERA_MSG_PREVIEW_FRAME(0x0010)
11-30 04:57:56.687: A/STECamera(1501): CAM API[001354251476692645661]: startPreview() Pid: 1501 Tid: 1782 Pri: 0 This: 0xc0958
11-30 04:57:56.687: D/OSTTRACE(1501): :camera.cpp:1037:e_OMXCAM_VFOffToOn 1
11-30 04:57:56.707: D/OSTTRACE(1501): :isp_state_controlling.cpp:621:e_OMXCAM_StopISP 0
11-30 04:57:56.707: D/OSTTRACE(1501): :isp_state_controlling.cpp:622:e_OMXCAM_StopISP 1
11-30 04:57:56.817: D/OSTTRACE(1501): :preview_statemachine.cpp:370:e_OMXCAM_ShotToShot 0
11-30 04:57:56.817: D/OSTTRACE(1501): :camera.cpp:685:e_OMXCAM_VFOffToOn 0
11-30 04:57:56.817: A/STECamera(1501): CAM API[001354251476822742096]: getParameters() Pid: 1501 Tid: 1782 Pri: 0 This: 0xc0958
11-30 04:57:56.817: A/STECamera(1501): CAM API[001354251476822925202]: recordingEnabled() Pid: 1501 Tid: 1782 Pri: 0 This: 0xc0958
11-30 04:57:56.817: A/STECamera(1501): CAM API[001354251476823047272]: getPreviewHeap() Pid: 1501 Tid: 1782 Pri: 0 This: 0xc0958
11-30 04:57:56.817: A/STECamera(1501): CAM API[001354251476951007477]: setParameters() Pid: 1501 Tid: 15944 Pri: 0 This: 0xc0958
11-30 04:57:56.938: D/OSTTRACE(1501): :camera.cpp:502:e_OMXCAM_VPB0FrameRate 0
11-30 04:57:56.938: D/OSTTRACE(1501): :camera.cpp:503:e_OMXCAM_VPB0FrameRate 1
11-30 04:57:56.938: A/STECamera(1501): Thumbnail Width: 160 Height: 120 Quality: 90
11-30 04:57:56.938: A/STECamera(1501): Rotation: (null) WhiteBalance: auto Effect: none Antibanding: 50hz
11-30 04:57:56.938: A/STECamera(1501): SceneMode: auto Flash: auto Focus: continuous-video
11-30 04:57:56.938: A/STECamera(1501): Preview Width: 864 Height: 480 FrameRate: 30 Framerate(New API): (30,30) Format : yuv420sp
11-30 04:57:56.938: A/STECamera(1501): Picture Width: 2560 Height: 1440 Format : jpeg Quality: 90
11-30 04:57:56.938: A/STECamera(1501): Contrast: 0 Brightness: 50 Saturation: 0
11-30 04:57:56.938: A/STECamera(1501): Sharpness: 0 Region Control: region-control-off
11-30 04:57:56.938: A/STECamera(1501): Cam Mode: (null)
11-30 04:57:56.938: A/STECamera(1501): Zoom Parameters: KEY_ZOOM = 0 KEY_MAX_ZOOM = 40 KEY_ZOOM_RATIOS: 100,107,115,123,132,141,152,162,174,187,200,214,230,246,264,283,303,325,348,373,400,429,459,492,528,566,606,650,696,746,800,857,919,985,1056,1131,1213,1300,1393,1493,1600
11-30 04:57:56.938: E/OSTTRACE(1501): :ENS_Component_Fsm.cpp:621:OMX handle 0x19b158: ID 0:ENS_PROXY: ENS_Component_Fsm: defaultBehavior GETCONFIG_SIG error: 0
11-30 04:57:56.938: D/OSTTRACE(1501): :camera.cpp:1744:Entry Camera::applyConfig
11-30 04:57:56.938: D/OSTTRACE(1501): :camera.cpp:2308:Exit Camera::applyConfig (0)
11-30 04:57:56.938: E/OSTTRACE(1501): :ENS_Component_Fsm.cpp:621:OMX handle 0x19b158: ID 0:ENS_PROXY: ENS_Component_Fsm: defaultBehavior GETCONFIG_SIG error: 0
11-30 04:57:56.938: D/OSTTRACE(1501): :camera.cpp:1744:Entry Camera::applyConfig
11-30 04:57:56.938: D/OSTTRACE(1501): :camera.cpp:2308:Exit Camera::applyConfig (0)
11-30 04:57:56.938: E/OSTTRACE(1501): :ENS_Component_Fsm.cpp:621:OMX handle 0x19b158: ID 0:ENS_PROXY: ENS_Component_Fsm: defaultBehavior GETCONFIG_SIG error: 0
11-30 04:57:56.938: D/OSTTRACE(1501): :camera.cpp:1744:Entry Camera::applyConfig
11-30 04:57:56.938: D/OSTTRACE(1501): :camera.cpp:2308:Exit Camera::applyConfig (0)
11-30 04:57:56.938: E/OSTTRACE(1501): :ENS_Component_Fsm.cpp:621:OMX handle 0x19b158: ID 0:ENS_PROXY: ENS_Component_Fsm: defaultBehavior GETCONFIG_SIG error: 0
11-30 04:57:56.938: D/OSTTRACE(1501): :camera.cpp:1744:Entry Camera::applyConfig
11-30 04:57:56.938: D/OSTTRACE(1501): :camera.cpp:2308:Exit Camera::applyConfig (0)
11-30 04:57:56.938: E/OSTTRACE(1501): :ENS_Component_Fsm.cpp:621:OMX handle 0x19b158: ID 0:ENS_PROXY: ENS_Component_Fsm: defaultBehavior GETCONFIG_SIG error: 0
11-30 04:57:56.938: D/OSTTRACE(1501): :camera.cpp:1744:Entry Camera::applyConfig
11-30 04:57:56.938: D/OSTTRACE(1501): :camera.cpp:2308:Exit Camera::applyConfig (0)
11-30 04:57:56.938: E/OSTTRACE(1501): :ENS_Component_Fsm.cpp:621:OMX handle 0x19b158: ID 0:ENS_PROXY: ENS_Component_Fsm: defaultBehavior GETCONFIG_SIG error: 0
11-30 04:57:56.938: D/OSTTRACE(1501): :camera.cpp:1744:Entry Camera::applyConfig
11-30 04:57:56.938: D/OSTTRACE(1501): :camera.cpp:2308:Exit Camera::applyConfig (0)
11-30 04:57:56.938: D/OSTTRACE(1501): :camera.cpp:1744:Entry Camera::applyConfig
11-30 04:57:56.938: D/OSTTRACE(1501): :camera.cpp:2308:Exit Camera::applyConfig (0)
11-30 04:57:56.938: E/OSTTRACE(1501): :ENS_Component_Fsm.cpp:621:OMX handle 0x19b158: ID 0:ENS_PROXY: ENS_Component_Fsm: defaultBehavior GETCONFIG_SIG error: 0
11-30 04:57:56.938: D/OSTTRACE(1501): :camera.cpp:1744:Entry Camera::applyConfig
11-30 04:57:56.938: D/OSTTRACE(1501): :camera.cpp:1986:e_OMXCAM_ShotToShot 1
11-30 04:57:56.938: D/OSTTRACE(1501): :camera.cpp:1987:e_OMXCAM_AF 1
11-30 04:57:56.938: D/OSTTRACE(1501): :camera.cpp:1994:e_OMXCAM_TotalShutterLag 1
11-30 04:57:56.938: D/OSTTRACE(1501): :camera.cpp:2308:Exit Camera::applyConfig (0)
11-30 04:57:56.938: E/OSTTRACE(1501): :ENS_Component_Fsm.cpp:621:OMX handle 0x19b158: ID 0:ENS_PROXY: ENS_Component_Fsm: defaultBehavior GETCONFIG_SIG error: 0
11-30 04:57:56.938: D/OSTTRACE(1501): :camera.cpp:1744:Entry Camera::applyConfig
11-30 04:57:56.938: D/STECamera(1501): Setting SEMC extended parameter: semc-metering-mode = center-weighted
11-30 04:57:56.938: E/OSTTRACE(1501): :ENS_Component_Fsm.cpp:621:OMX handle 0x19b158: ID 0:ENS_PROXY: ENS_Component_Fsm: defaultBehavior GETCONFIG_SIG error: 0
11-30 04:57:56.938: D/STECamera(1501): OMX_GetConfig gave old value for metering mode: center
11-30 04:57:56.938: D/OSTTRACE(1501): :camera.cpp:1744:Entry Camera::applyConfig
11-30 04:57:56.938: D/OSTTRACE(1501): :camera.cpp:2308:Exit Camera::applyConfig (0)
11-30 04:57:56.938: D/STECamera(1501): Setting SEMC extended parameter: semc-vs = off
11-30 04:57:56.938: D/STECamera(1501): Setting SEMC extended parameter: semc-smile-detect = off
11-30 04:57:56.938: W/STECamera(1501): Parameter smile is set: off, but smile detection is not in effect since face detect engine is not ready!
11-30 04:57:56.938: D/STECamera(1501): Setting SEMC extended parameter: semc-focus-area = center
11-30 04:57:56.938: E/OSTTRACE(1501): :ENS_Component_Fsm.cpp:621:OMX handle 0x19b158: ID 0:ENS_PROXY: ENS_Component_Fsm: defaultBehavior GETCONFIG_SIG error: 0
11-30 04:57:56.938: D/STECamera(1501): Setting SEMC extended parameter: semc-user-focus-area-x = 50
11-30 04:57:56.938: E/OSTTRACE(1501): :ENS_Component_Fsm.cpp:621:OMX handle 0x19b158: ID 0:ENS_PROXY: ENS_Component_Fsm: defaultBehavior GETCONFIG_SIG error: 0
11-30 04:57:56.938: D/STECamera(1501): Setting SEMC extended parameter: semc-user-focus-area-y = 50
11-30 04:57:56.938: E/OSTTRACE(1501): :ENS_Component_Fsm.cpp:621:OMX handle 0x19b158: ID 0:ENS_PROXY: ENS_Component_Fsm: defaultBehavior GETCONFIG_SIG error: 0
11-30 04:57:56.938: D/STECamera(1501): Setting SEMC extended parameter: semc-video-mode = off
11-30 04:57:56.938: D/STECamera(1501): Setting SEMC extended parameter: semc-iso = 100
11-30 04:57:56.938: E/OSTTRACE(1501): :ENS_Component_Fsm.cpp:621:OMX handle 0x19b158: ID 0:ENS_PROXY: ENS_Component_Fsm: defaultBehavior GETCONFIG_SIG error: 0
11-30 04:57:56.938: D/STECamera(1501): OMX_GetConfig for ISO value returned - auto: yes, sensitivity: 800
11-30 04:57:56.938: D/OSTTRACE(1501): :camera.cpp:1744:Entry Camera::applyConfig
11-30 04:57:56.938: D/OSTTRACE(1501): :camera.cpp:2308:Exit Camera::applyConfig (0)
11-30 04:57:56.938: D/STECamera(1501): Setting SEMC extended parameter: semc-ae-mode = auto
11-30 04:57:56.938: E/OSTTRACE(1501): :ENS_Component_Fsm.cpp:621:OMX handle 0x19b158: ID 0:ENS_PROXY: ENS_Component_Fsm: defaultBehavior GETCONFIG_SIG error: 0
11-30 04:57:56.938: D/STECamera(1501): OMX_GetConfig for Auto Exposure value returned (before applying the new values):
11-30 04:57:56.938: D/STECamera(1501): auto iso: yes, sensitivity: 100
11-30 04:57:56.938: D/STECamera(1501): auto shutter: yes, speed: 19 ms
11-30 04:57:56.938: D/STECamera(1501): auto aperture: yes, size: 0
11-30 04:57:56.938: D/OSTTRACE(1501): :camera.cpp:1744:Entry Camera::applyConfig
11-30 04:57:56.938: D/OSTTRACE(1501): :camera.cpp:2308:Exit Camera::applyConfig (0)
11-30 04:57:56.938: A/STECamera(1501): CAM API[001354251476963641754]: setParameters() Pid: 1501 Tid: 1501 Pri: 0 This: 0xc0958
11-30 04:57:56.948: A/STECamera(1501): Thumbnail Width: 160 Height: 120 Quality: 90
11-30 04:57:56.948: A/STECamera(1501): Rotation: (null) WhiteBalance: auto Effect: none Antibanding: 50hz
11-30 04:57:56.948: A/STECamera(1501): SceneMode: auto Flash: auto Focus: continuous-video
11-30 04:57:56.948: A/STECamera(1501): Preview Width: 864 Height: 480 FrameRate: 30 Framerate(New API): (30,30) Format : yuv420sp
11-30 04:57:56.948: A/STECamera(1501): Picture Width: 2560 Height: 1440 Format : jpeg Quality: 90
11-30 04:57:56.948: A/STECamera(1501): Contrast: 0 Brightness: 50 Saturation: 0
11-30 04:57:56.948: A/STECamera(1501): Sharpness: 0 Region Control: region-control-off
11-30 04:57:56.948: A/STECamera(1501): Cam Mode: (null)
11-30 04:57:56.948: A/STECamera(1501): Zoom Parameters: KEY_ZOOM = 0 KEY_MAX_ZOOM = 40 KEY_ZOOM_RATIOS: 100,107,115,123,132,141,152,162,174,187,200,214,230,246,264,283,303,325,348,373,400,429,459,492,528,566,606,650,696,746,800,857,919,985,1056,1131,1213,1300,1393,1493,1600
11-30 04:57:56.948: E/OSTTRACE(1501): :ENS_Component_Fsm.cpp:621:OMX handle 0x19b158: ID 0:ENS_PROXY: ENS_Component_Fsm: defaultBehavior GETCONFIG_SIG error: 0
11-30 04:57:56.948: D/OSTTRACE(1501): :camera.cpp:1744:Entry Camera::applyConfig
11-30 04:57:56.948: D/OSTTRACE(1501): :camera.cpp:2308:Exit Camera::applyConfig (0)
11-30 04:57:56.948: E/OSTTRACE(1501): :ENS_Component_Fsm.cpp:621:OMX handle 0x19b158: ID 0:ENS_PROXY: ENS_Component_Fsm: defaultBehavior GETCONFIG_SIG error: 0
11-30 04:57:56.948: D/OSTTRACE(1501): :camera.cpp:1744:Entry Camera::applyConfig
11-30 04:57:56.948: D/OSTTRACE(1501): :camera.cpp:2308:Exit Camera::applyConfig (0)
11-30 04:57:56.948: E/OSTTRACE(1501): :ENS_Component_Fsm.cpp:621:OMX handle 0x19b158: ID 0:ENS_PROXY: ENS_Component_Fsm: defaultBehavior GETCONFIG_SIG error: 0
11-30 04:57:56.948: D/OSTTRACE(1501): :camera.cpp:1744:Entry Camera::applyConfig
11-30 04:57:56.948: D/OSTTRACE(1501): :camera.cpp:2308:Exit Camera::applyConfig (0)
11-30 04:57:56.948: E/OSTTRACE(1501): :ENS_Component_Fsm.cpp:621:OMX handle 0x19b158: ID 0:ENS_PROXY: ENS_Component_Fsm: defaultBehavior GETCONFIG_SIG error: 0
11-30 04:57:56.948: D/OSTTRACE(1501): :camera.cpp:1744:Entry Camera::applyConfig
11-30 04:57:56.948: D/OSTTRACE(1501): :camera.cpp:2308:Exit Camera::applyConfig (0)
11-30 04:57:56.948: E/OSTTRACE(1501): :ENS_Component_Fsm.cpp:621:OMX handle 0x19b158: ID 0:ENS_PROXY: ENS_Component_Fsm: defaultBehavior GETCONFIG_SIG error: 0
11-30 04:57:56.948: D/OSTTRACE(1501): :camera.cpp:1744:Entry Camera::applyConfig
11-30 04:57:56.948: D/OSTTRACE(1501): :camera.cpp:2308:Exit Camera::applyConfig (0)
11-30 04:57:56.948: E/OSTTRACE(1501): :ENS_Component_Fsm.cpp:621:OMX handle 0x19b158: ID 0:ENS_PROXY: ENS_Component_Fsm: defaultBehavior GETCONFIG_SIG error: 0
11-30 04:57:56.948: D/OSTTRACE(1501): :camera.cpp:1744:Entry Camera::applyConfig
11-30 04:57:56.948: D/STECamera(1501): Setting SEMC extended parameter: semc-metering-mode = center-weighted
11-30 04:57:56.948: E/OSTTRACE(1501): :ENS_Component_Fsm.cpp:621:OMX handle 0x19b158: ID 0:ENS_PROXY: ENS_Component_Fsm: defaultBehavior GETCONFIG_SIG error: 0
11-30 04:57:56.948: D/STECamera(1501): OMX_GetConfig gave old value for metering mode: center
11-30 04:57:56.948: D/OSTTRACE(1501): :camera.cpp:1744:Entry Camera::applyConfig
11-30 04:57:56.948: D/OSTTRACE(1501): :camera.cpp:2308:Exit Camera::applyConfig (0)
11-30 04:57:56.948: D/STECamera(1501): Setting SEMC extended parameter: semc-vs = off
11-30 04:57:56.948: D/STECamera(1501): Setting SEMC extended parameter: semc-smile-detect = off
11-30 04:57:56.948: W/STECamera(1501): Parameter smile is set: off, but smile detection is not in effect since face detect engine is not ready!
11-30 04:57:56.948: D/STECamera(1501): Setting SEMC extended parameter: semc-focus-area = center
11-30 04:57:56.948: E/OSTTRACE(1501): :ENS_Component_Fsm.cpp:621:OMX handle 0x19b158: ID 0:ENS_PROXY: ENS_Component_Fsm: defaultBehavior GETCONFIG_SIG error: 0
11-30 04:57:56.948: D/STECamera(1501): Setting SEMC extended parameter: semc-user-focus-area-x = 50
11-30 04:57:56.948: E/OSTTRACE(1501): :ENS_Component_Fsm.cpp:621:OMX handle 0x19b158: ID 0:ENS_PROXY: ENS_Component_Fsm: defaultBehavior GETCONFIG_SIG error: 0
11-30 04:57:56.948: D/STECamera(1501): Setting SEMC extended parameter: semc-user-focus-area-y = 50
11-30 04:57:56.948: E/OSTTRACE(1501): :ENS_Component_Fsm.cpp:621:OMX handle 0x19b158: ID 0:ENS_PROXY: ENS_Component_Fsm: defaultBehavior GETCONFIG_SIG error: 0
11-30 04:57:56.948: D/STECamera(1501): Setting SEMC extended parameter: semc-video-mode = off
11-30 04:57:56.948: D/STECamera(1501): Setting SEMC extended parameter: semc-iso = 100
11-30 04:57:56.948: E/OSTTRACE(1501): :ENS_Component_Fsm.cpp:621:OMX handle 0x19b158: ID 0:ENS_PROXY: ENS_Component_Fsm: defaultBehavior GETCONFIG_SIG error: 0
11-30 04:57:56.948: D/STECamera(1501): OMX_GetConfig for ISO value returned - auto: yes, sensitivity: 100
11-30 04:57:56.948: D/OSTTRACE(1501): :camera.cpp:1744:Entry Camera::applyConfig
11-30 04:57:56.948: D/OSTTRACE(1501): :camera.cpp:2308:Exit Camera::applyConfig (0)
11-30 04:57:56.948: D/STECamera(1501): Setting SEMC extended parameter: semc-ae-mode = auto
11-30 04:57:56.948: E/OSTTRACE(1501): :ENS_Component_Fsm.cpp:621:OMX handle 0x19b158: ID 0:ENS_PROXY: ENS_Component_Fsm: defaultBehavior GETCONFIG_SIG error: 0
11-30 04:57:56.948: D/STECamera(1501): OMX_GetConfig for Auto Exposure value returned (before applying the new values):
11-30 04:57:56.948: D/STECamera(1501): auto iso: yes, sensitivity: 100
11-30 04:57:56.948: D/STECamera(1501): auto shutter: yes, speed: 19 ms
11-30 04:57:56.948: D/STECamera(1501): auto aperture: yes, size: 0
11-30 04:57:56.948: D/OSTTRACE(1501): :camera.cpp:1744:Entry Camera::applyConfig
11-30 04:57:56.948: D/OSTTRACE(1501): :camera.cpp:2308:Exit Camera::applyConfig (0)
11-30 04:57:56.948: A/STECamera(1501): CAM API[001354251476969775787]: setParameters() Pid: 1501 Tid: 1720 Pri: 0 This: 0xc0958
11-30 04:57:56.958: A/STECamera(1501): Thumbnail Width: 160 Height: 120 Quality: 90
11-30 04:57:56.958: A/STECamera(1501): Rotation: (null) WhiteBalance: auto Effect: none Antibanding: 50hz
11-30 04:57:56.958: A/STECamera(1501): SceneMode: auto Flash: auto Focus: continuous-video
11-30 04:57:56.958: A/STECamera(1501): Preview Width: 864 Height: 480 FrameRate: 30 Framerate(New API): (30,30) Format : yuv420sp
11-30 04:57:56.958: A/STECamera(1501): Picture Width: 2560 Height: 1440 Format : jpeg Quality: 90
11-30 04:57:56.958: A/STECamera(1501): Contrast: 0 Brightness: 50 Saturation: 0
11-30 04:57:56.958: A/STECamera(1501): Sharpness: 0 Region Control: region-control-off
11-30 04:57:56.958: A/STECamera(1501): Cam Mode: (null)
11-30 04:57:56.958: A/STECamera(1501): Zoom Parameters: KEY_ZOOM = 0 KEY_MAX_ZOOM = 40 KEY_ZOOM_RATIOS: 100,107,115,123,132,141,152,162,174,187,200,214,230,246,264,283,303,325,348,373,400,429,459,492,528,566,606,650,696,746,800,857,919,985,1056,1131,1213,1300,1393,1493,1600
11-30 04:57:56.958: E/OSTTRACE(1501): :ENS_Component_Fsm.cpp:621:OMX handle 0x19b158: ID 0:ENS_PROXY: ENS_Component_Fsm: defaultBehavior GETCONFIG_SIG error: 0
11-30 04:57:56.958: D/OSTTRACE(1501): :camera.cpp:1744:Entry Camera::applyConfig
11-30 04:57:56.958: D/OSTTRACE(1501): :camera.cpp:2308:Exit Camera::applyConfig (0)
11-30 04:57:56.958: E/OSTTRACE(1501): :ENS_Component_Fsm.cpp:621:OMX handle 0x19b158: ID 0:ENS_PROXY: ENS_Component_Fsm: defaultBehavior GETCONFIG_SIG error: 0
11-30 04:57:56.958: D/OSTTRACE(1501): :camera.cpp:1744:Entry Camera::applyConfig
11-30 04:57:56.958: D/OSTTRACE(1501): :camera.cpp:2308:Exit Camera::applyConfig (0)
11-30 04:57:56.958: E/OSTTRACE(1501): :ENS_Component_Fsm.cpp:621:OMX handle 0x19b158: ID 0:ENS_PROXY: ENS_Component_Fsm: defaultBehavior GETCONFIG_SIG error: 0
11-30 04:57:56.958: D/OSTTRACE(1501): :camera.cpp:1744:Entry Camera::applyConfig
11-30 04:57:56.958: D/OSTTRACE(1501): :camera.cpp:2308:Exit Camera::applyConfig (0)
11-30 04:57:56.958: E/OSTTRACE(1501): :ENS_Component_Fsm.cpp:621:OMX handle 0x19b158: ID 0:ENS_PROXY: ENS_Component_Fsm: defaultBehavior GETCONFIG_SIG error: 0
11-30 04:57:56.958: D/OSTTRACE(1501): :camera.cpp:1744:Entry Camera::applyConfig
11-30 04:57:56.958: D/OSTTRACE(1501): :camera.cpp:2308:Exit Camera::applyConfig (0)
11-30 04:57:56.958: E/OSTTRACE(1501): :ENS_Component_Fsm.cpp:621:OMX handle 0x19b158: ID 0:ENS_PROXY: ENS_Component_Fsm: defaultBehavior GETCONFIG_SIG error: 0
11-30 04:57:56.958: D/OSTTRACE(1501): :camera.cpp:1744:Entry Camera::applyConfig
11-30 04:57:56.958: D/OSTTRACE(1501): :camera.cpp:2308:Exit Camera::applyConfig (0)
11-30 04:57:56.958: E/OSTTRACE(1501): :ENS_Component_Fsm.cpp:621:OMX handle 0x19b158: ID 0:ENS_PROXY: ENS_Component_Fsm: defaultBehavior GETCONFIG_SIG error: 0
11-30 04:57:56.958: D/OSTTRACE(1501): :camera.cpp:1744:Entry Camera::applyConfig
11-30 04:57:56.958: D/STECamera(1501): Setting SEMC extended parameter: semc-metering-mode = center-weighted
11-30 04:57:56.958: E/OSTTRACE(1501): :ENS_Component_Fsm.cpp:621:OMX handle 0x19b158: ID 0:ENS_PROXY: ENS_Component_Fsm: defaultBehavior GETCONFIG_SIG error: 0
11-30 04:57:56.958: D/STECamera(1501): OMX_GetConfig gave old value for metering mode: center
11-30 04:57:56.958: D/OSTTRACE(1501): :camera.cpp:1744:Entry Camera::applyConfig
11-30 04:57:56.958: D/OSTTRACE(1501): :camera.cpp:2308:Exit Camera::applyConfig (0)
11-30 04:57:56.958: D/STECamera(1501): Setting SEMC extended parameter: semc-vs = off
11-30 04:57:56.958: D/STECamera(1501): Setting SEMC extended parameter: semc-smile-detect = off
11-30 04:57:56.958: W/STECamera(1501): Parameter smile is set: off, but smile detection is not in effect since face detect engine is not ready!
11-30 04:57:56.958: D/STECamera(1501): Setting SEMC extended parameter: semc-focus-area = center
11-30 04:57:56.958: E/OSTTRACE(1501): :ENS_Component_Fsm.cpp:621:OMX handle 0x19b158: ID 0:ENS_PROXY: ENS_Component_Fsm: defaultBehavior GETCONFIG_SIG error: 0
11-30 04:57:56.958: D/STECamera(1501): Setting SEMC extended parameter: semc-user-focus-area-x = 50
11-30 04:57:56.958: E/OSTTRACE(1501): :ENS_Component_Fsm.cpp:621:OMX handle 0x19b158: ID 0:ENS_PROXY: ENS_Component_Fsm: defaultBehavior GETCONFIG_SIG error: 0
11-30 04:57:56.958: D/STECamera(1501): Setting SEMC extended parameter: semc-user-focus-area-y = 50
11-30 04:57:56.958: E/OSTTRACE(1501): :ENS_Component_Fsm.cpp:621:OMX handle 0x19b158: ID 0:ENS_PROXY: ENS_Component_Fsm: defaultBehavior GETCONFIG_SIG error: 0
11-30 04:57:56.958: D/STECamera(1501): Setting SEMC extended parameter: semc-video-mode = off
11-30 04:57:56.958: D/STECamera(1501): Setting SEMC extended parameter: semc-iso = 100
11-30 04:57:56.958: E/OSTTRACE(1501): :ENS_Component_Fsm.cpp:621:OMX handle 0x19b158: ID 0:ENS_PROXY: ENS_Component_Fsm: defaultBehavior GETCONFIG_SIG error: 0
11-30 04:57:56.958: D/STECamera(1501): OMX_GetConfig for ISO value returned - auto: yes, sensitivity: 100
11-30 04:57:56.958: D/OSTTRACE(1501): :camera.cpp:1744:Entry Camera::applyConfig
11-30 04:57:56.958: D/OSTTRACE(1501): :camera.cpp:2308:Exit Camera::applyConfig (0)
11-30 04:57:56.958: D/STECamera(1501): Setting SEMC extended parameter: semc-ae-mode = auto
11-30 04:57:56.958: E/OSTTRACE(1501): :ENS_Component_Fsm.cpp:621:OMX handle 0x19b158: ID 0:ENS_PROXY: ENS_Component_Fsm: defaultBehavior GETCONFIG_SIG error: 0
11-30 04:57:56.958: D/STECamera(1501): OMX_GetConfig for Auto Exposure value returned (before applying the new values):
11-30 04:57:56.958: D/STECamera(1501): auto iso: yes, sensitivity: 100
11-30 04:57:56.958: D/STECamera(1501): auto shutter: yes, speed: 19 ms
11-30 04:57:56.958: D/STECamera(1501): auto aperture: yes, size: 0
11-30 04:57:56.958: D/OSTTRACE(1501): :camera.cpp:1744:Entry Camera::applyConfig
11-30 04:57:56.958: D/OSTTRACE(1501): :camera.cpp:2308:Exit Camera::applyConfig (0)
11-30 04:57:56.958: A/STECamera(1501): CAM API[001354251476981189360]: enableMsgType() Pid: 1501 Tid: 1782 Pri: 0 This: 0xc0958 MsgType: unknown(0x10000)
11-30 04:57:56.968: D/OSTTRACE(1501): :camera.cpp:502:e_OMXCAM_VPB0FrameRate 0
11-30 04:57:56.968: D/OSTTRACE(1501): :camera.cpp:503:e_OMXCAM_VPB0FrameRate 1
11-30 04:57:56.998: A/STECamera(1501): CAM API[001354251477011493316]: sendCommand() Pid: 1501 Tid: 1782 Pri: 0 This: 0xc0958 Command: unknown(589824) Arg1: -2130679371 Arg2: 0
11-30 04:57:56.998: A/STECamera(1501): CAM API[001354251477011615387]: sendCommand() Pid: 1501 Tid: 1782 Pri: 0 This: 0xc0958 Command: unknown(262144) Arg1: 0 Arg2: 0
11-30 04:57:56.998: E/OSTTRACE(1501): :ENS_Component_Fsm.cpp:621:OMX handle 0x19b158: ID 0:ENS_PROXY: ENS_Component_Fsm: defaultBehavior GETCONFIG_SIG error: 0
11-30 04:57:56.998: D/OSTTRACE(1501): :camera.cpp:1744:Entry Camera::applyConfig
11-30 04:57:56.998: D/OSTTRACE(1501): :camera.cpp:2308:Exit Camera::applyConfig (0)
11-30 04:57:56.998: A/STECamera(1501): CAM API[001354251476599109285]: previewEnabled() Pid: 1501 Tid: 15944 Pri: 0 This: 0xc0958 CAM API[001354251476599536531]: getParameters() Pid: 1501 Tid: 1501 Pri: 0 This: 0xc0958 CAM API[001354251476691638581]: previewEnabled() Pid: 1501 Tid: 1720 Pri: 0 This: 0xc0958 CAM API[001354251476692279450]: previewEnabled() Pid: 1501 Tid: 1782 Pri: 0 This: 0xc0958 CAM API[001354251476692462556]: enableMsgType() Pid: 1501 Tid: 1782 Pri: 0 This: 0xc0958 MsgType: CAMERA_MSG_PREVIEW_FRAME(0x0010)CAM API[001354251476692584626]: startPreview() Pid: 1501 Tid: 1782 Pri: 0 This: 0xc0958 CAM API[001354251476822681061]: getParameters() Pid: 1501 Tid:
11-30 04:57:57.008: D/OSTTRACE(1501): :camera.cpp:502:e_OMXCAM_VPB0FrameRate 0
11-30 04:57:57.008: D/OSTTRACE(1501): :camera.cpp:503:e_OMXCAM_VPB0FrameRate 1
11-30 04:57:57.038: D/OSTTRACE(1501): :camera.cpp:502:e_OMXCAM_VPB0FrameRate 0
11-30 04:57:57.038: D/OSTTRACE(1501): :camera.cpp:503:e_OMXCAM_VPB0FrameRate 1
11-30 04:57:57.068: D/OSTTRACE(1501): :camera.cpp:502:e_OMXCAM_VPB0FrameRate 0
11-30 04:57:57.068: D/OSTTRACE(1501): :camera.cpp:503:e_OMXCAM_VPB0FrameRate 1
11-30 04:57:57.078: D/CustomizationProvider(1843): openFile -- START uri=content://com.sonyericsson.provider.customization/settings/com.sonyericsson.textinput.uxp
11-30 04:57:57.078: I/CustomizationProvider(1843): No configuration file: /system/etc/customization/settings/com/sonyericsson/textinput/uxp/custom_settings.xml
11-30 04:57:57.088: E/OSTTRACE(1501): :ENS_Component_Fsm.cpp:621:OMX handle 0x19b158: ID 0:ENS_PROXY: ENS_Component_Fsm: defaultBehavior GETCONFIG_SIG error: 0
11-30 04:57:57.088: D/OSTTRACE(1501): :camera.cpp:1744:Entry Camera::applyConfig
11-30 04:57:57.088: D/OSTTRACE(1501): :camera.cpp:2308:Exit Camera::applyConfig (0)
11-30 04:57:57.088: E/OSTTRACE(1501): :ENS_Component_Fsm.cpp:621:OMX handle 0x19b158: ID 0:ENS_PROXY: ENS_Component_Fsm: defaultBehavior GETCONFIG_SIG error: 0
11-30 04:57:57.088: D/OSTTRACE(1501): :camera.cpp:1744:Entry Camera::applyConfig
11-30 04:57:57.088: D/OSTTRACE(1501): :camera.cpp:2308:Exit Camera::applyConfig (0)
11-30 04:57:57.108: D/OSTTRACE(1501): :camera.cpp:502:e_OMXCAM_VPB0FrameRate 0
11-30 04:57:57.108: D/OSTTRACE(1501): :camera.cpp:503:e_OMXCAM_VPB0FrameRate 1
11-30 04:57:57.138: D/OSTTRACE(1501): :camera.cpp:502:e_OMXCAM_VPB0FrameRate 0
11-30 04:57:57.138: D/OSTTRACE(1501): :camera.cpp:503:e_OMXCAM_VPB0FrameRate 1
11-30 04:57:57.168: D/OSTTRACE(1501): :camera.cpp:502:e_OMXCAM_VPB0FrameRate 0
11-30 04:57:57.168: D/OSTTRACE(1501): :camera.cpp:503:e_OMXCAM_VPB0FrameRate 1
11-30 04:57:57.208: D/OSTTRACE(1501): :camera.cpp:502:e_OMXCAM_VPB0FrameRate 0
11-30 04:57:57.208: D/OSTTRACE(1501): :camera.cpp:503:e_OMXCAM_VPB0FrameRate 1
11-30 04:57:57.238: D/OSTTRACE(1501): :camera.cpp:502:e_OMXCAM_VPB0FrameRate 0
11-30 04:57:57.238: D/OSTTRACE(1501): :camera.cpp:503:e_OMXCAM_VPB0FrameRate 1
11-30 04:57:57.268: D/OSTTRACE(1501): :camera.cpp:502:e_OMXCAM_VPB0FrameRate 0
11-30 04:57:57.268: D/OSTTRACE(1501): :camera.cpp:503:e_OMXCAM_VPB0FrameRate 1
11-30 04:57:57.308: D/OSTTRACE(1501): :camera.cpp:502:e_OMXCAM_VPB0FrameRate 0
11-30 04:57:57.308: D/OSTTRACE(1501): :camera.cpp:503:e_OMXCAM_VPB0FrameRate 1
11-30 04:57:57.338: D/dalvikvm(15888): GC_CONCURRENT freed 493K, 47% free 3988K/7495K, external 5936K/7333K, paused 2ms+24ms
11-30 04:57:57.338: D/OSTTRACE(1501): :camera.cpp:502:e_OMXCAM_VPB0FrameRate 0
11-30 04:57:57.338: D/OSTTRACE(1501): :camera.cpp:503:e_OMXCAM_VPB0FrameRate 1
11-30 04:57:57.368: D/OSTTRACE(1501): :camera.cpp:502:e_OMXCAM_VPB0FrameRate 0
11-30 04:57:57.368: D/OSTTRACE(1501): :camera.cpp:503:e_OMXCAM_VPB0FrameRate 1
11-30 04:57:57.408: D/OSTTRACE(1501): :camera.cpp:502:e_OMXCAM_VPB0FrameRate 0
11-30 04:57:57.408: D/OSTTRACE(1501): :camera.cpp:503:e_OMXCAM_VPB0FrameRate 1
11-30 04:57:57.438: D/OSTTRACE(1501): :camera.cpp:502:e_OMXCAM_VPB0FrameRate 0
11-30 04:57:57.438: D/OSTTRACE(1501): :camera.cpp:503:e_OMXCAM_VPB0FrameRate 1
11-30 04:57:57.468: D/OSTTRACE(1501): :camera.cpp:502:e_OMXCAM_VPB0FrameRate 0
11-30 04:57:57.468: D/OSTTRACE(1501): :camera.cpp:503:e_OMXCAM_VPB0FrameRate 1
11-30 04:57:57.508: D/OSTTRACE(1501): :camera.cpp:502:e_OMXCAM_VPB0FrameRate 0
11-30 04:57:57.508: D/OSTTRACE(1501): :camera.cpp:503:e_OMXCAM_VPB0FrameRate 1
11-30 04:57:57.548: D/OSTTRACE(1501): :camera.cpp:502:e_OMXCAM_VPB0FrameRate 0
11-30 04:57:57.548: D/OSTTRACE(1501): :camera.cpp:503:e_OMXCAM_VPB0FrameRate 1
11-30 04:57:57.578: D/OSTTRACE(1501): :camera.cpp:502:e_OMXCAM_VPB0FrameRate 0
11-30 04:57:57.578: D/OSTTRACE(1501): :camera.cpp:503:e_OMXCAM_VPB0FrameRate 1
11-30 04:57:57.608: D/OSTTRACE(1501): :camera.cpp:502:e_OMXCAM_VPB0FrameRate 0
11-30 04:57:57.608: D/OSTTRACE(1501): :camera.cpp:503:e_OMXCAM_VPB0FrameRate 1
11-30 04:57:57.648: D/OSTTRACE(1501): :camera.cpp:502:e_OMXCAM_VPB0FrameRate 0
11-30 04:57:57.648: D/OSTTRACE(1501): :camera.cpp:503:e_OMXCAM_VPB0FrameRate 1
11-30 04:57:57.678: D/dalvikvm(15888): GC_CONCURRENT freed 457K, 53% free 3566K/7495K, external 4514K/5637K, paused 2ms+13ms
11-30 04:57:57.678: D/OSTTRACE(1501): :camera.cpp:502:e_OMXCAM_VPB0FrameRate 0
11-30 04:57:57.678: D/OSTTRACE(1501): :camera.cpp:503:e_OMXCAM_VPB0FrameRate 1
11-30 04:57:57.708: D/OSTTRACE(1501): :camera.cpp:502:e_OMXCAM_VPB0FrameRate 0
11-30 04:57:57.708: D/OSTTRACE(1501): :camera.cpp:503:e_OMXCAM_VPB0FrameRate 1
11-30 04:57:57.758: D/OSTTRACE(1501): :camera.cpp:502:e_OMXCAM_VPB0FrameRate 0
11-30 04:57:57.758: D/OSTTRACE(1501): :camera.cpp:503:e_OMXCAM_VPB0FrameRate 1
11-30 04:57:57.828: D/OSTTRACE(1501): :camera.cpp:502:e_OMXCAM_VPB0FrameRate 0
11-30 04:57:57.828: D/OSTTRACE(1501): :camera.cpp:503:e_OMXCAM_VPB0FrameRate 1
11-30 04:57:57.879: D/CustomizationProvider(1843): openFile -- START uri=content://com.sonyericsson.provider.customization/settings/com.sonyericsson.textinput.uxp
11-30 04:57:57.879: I/CustomizationProvider(1843): No configuration file: /system/etc/customization/settings/com/sonyericsson/textinput/uxp/custom_settings.xml
11-30 04:57:57.889: D/OSTTRACE(1501): :camera.cpp:502:e_OMXCAM_VPB0FrameRate 0
11-30 04:57:57.889: D/OSTTRACE(1501): :camera.cpp:503:e_OMXCAM_VPB0FrameRate 1
11-30 04:57:57.949: D/OSTTRACE(1501): :camera.cpp:502:e_OMXCAM_VPB0FrameRate 0
11-30 04:57:57.949: D/OSTTRACE(1501): :camera.cpp:503:e_OMXCAM_VPB0FrameRate 1
11-30 04:57:58.009: D/OSTTRACE(1501): :camera.cpp:502:e_OMXCAM_VPB0FrameRate 0
11-30 04:57:58.009: D/OSTTRACE(1501): :camera.cpp:503:e_OMXCAM_VPB0FrameRate 1
11-30 04:57:58.069: D/OSTTRACE(1501): :camera.cpp:502:e_OMXCAM_VPB0FrameRate 0
11-30 04:57:58.069: D/OSTTRACE(1501): :camera.cpp:503:e_OMXCAM_VPB0FrameRate 1
11-30 04:57:58.129: D/OSTTRACE(1501): :camera.cpp:502:e_OMXCAM_VPB0FrameRate 0
11-30 04:57:58.129: D/OSTTRACE(1501): :camera.cpp:503:e_OMXCAM_VPB0FrameRate 1
11-30 04:57:58.189: D/OSTTRACE(1501): :camera.cpp:502:e_OMXCAM_VPB0FrameRate 0
11-30 04:57:58.189: D/OSTTRACE(1501): :camera.cpp:503:e_OMXCAM_VPB0FrameRate 1
11-30 04:57:58.259: D/OSTTRACE(1501): :camera.cpp:502:e_OMXCAM_VPB0FrameRate 0
11-30 04:57:58.259: D/OSTTRACE(1501): :camera.cpp:503:e_OMXCAM_VPB0FrameRate 1
11-30 04:57:58.319: D/OSTTRACE(1501): :camera.cpp:502:e_OMXCAM_VPB0FrameRate 0
11-30 04:57:58.319: D/OSTTRACE(1501): :camera.cpp:503:e_OMXCAM_VPB0FrameRate 1
11-30 04:57:58.379: D/OSTTRACE(1501): :camera.cpp:502:e_OMXCAM_VPB0FrameRate 0
11-30 04:57:58.379: D/OSTTRACE(1501): :camera.cpp:503:e_OMXCAM_VPB0FrameRate 1
11-30 04:57:58.439: D/OSTTRACE(1501): :camera.cpp:502:e_OMXCAM_VPB0FrameRate 0
11-30 04:57:58.439: D/OSTTRACE(1501): :camera.cpp:503:e_OMXCAM_VPB0FrameRate 1
11-30 04:57:58.489: D/OSTTRACE(1501): :camera.cpp:502:e_OMXCAM_VPB0FrameRate 0
11-30 04:57:58.489: D/OSTTRACE(1501): :camera.cpp:503:e_OMXCAM_VPB0FrameRate 1
11-30 04:57:58.559: D/OSTTRACE(1501): :camera.cpp:502:e_OMXCAM_VPB0FrameRate 0
11-30 04:57:58.559: D/OSTTRACE(1501): :camera.cpp:503:e_OMXCAM_VPB0FrameRate 1
11-30 04:57:58.579: A/STECamera(1501): >CAM API[001354251478581073394]: sendCommand() Pid: 1501 Tid: 1720 Pri: 0 This: 0xc0958 Command: unknown(524288) Arg1: -2130679199 Arg2: 0
11-30 04:57:58.579: A/STECamera(1501): CAM API[001354251478581378570]: sendCommand() Pid: 1501 Tid: 1720 Pri: 0 This: 0xc0958 Command: unknown(65536) Arg1: 7 Arg2: 0
11-30 04:57:58.579: I/STECamera(1501): >>> autoFocusLocking, arg1: 0x7
11-30 04:57:58.579: E/OSTTRACE(1501): :ENS_Component_Fsm.cpp:621:OMX handle 0x19b158: ID 0:ENS_PROXY: ENS_Component_Fsm: defaultBehavior GETCONFIG_SIG error: 0
11-30 04:57:58.579: I/STECamFocusHandler(1501): >>> setUpFocusLockImmediate: Setting immediate locks: af=-1, ae=1, awb=1
11-30 04:57:58.579: I/STECamFocusHandler(1501): Setting ExposureLock: OMX_SYMBIAN_LockImmediate
11-30 04:57:58.579: D/OSTTRACE(1501): :camera.cpp:1744:Entry Camera::applyConfig
11-30 04:57:58.579: D/OSTTRACE(1501): :camera.cpp:2308:Exit Camera::applyConfig (0)
11-30 04:57:58.579: I/STECamFocusHandler(1501): Setting WhiteBalanceLock: OMX_SYMBIAN_LockImmediate
11-30 04:57:58.579: D/OSTTRACE(1501): :camera.cpp:1744:Entry Camera::applyConfig
11-30 04:57:58.579: D/OSTTRACE(1501): :camera.cpp:2308:Exit Camera::applyConfig (0)
11-30 04:57:58.579: I/STECamFocusHandler(1501): <<< setUpFocusLockImmediate: 0
11-30 04:57:58.579: E/OSTTRACE(1501): :ENS_Component_Fsm.cpp:621:OMX handle 0x19b158: ID 0:ENS_PROXY: ENS_Component_Fsm: defaultBehavior GETCONFIG_SIG error: 0
11-30 04:57:58.579: D/OSTTRACE(1501): :camera.cpp:1744:Entry Camera::applyConfig
11-30 04:57:58.579: D/OSTTRACE(1501): :camera.cpp:2308:Exit Camera::applyConfig (0)
11-30 04:57:58.579: D/OSTTRACE(1501): :camera.cpp:1744:Entry Camera::applyConfig
11-30 04:57:58.579: D/OSTTRACE(1501): :camera.cpp:2308:Exit Camera::applyConfig (0)
11-30 04:57:58.579: I/STECamera(1501): <<< autoFocusLocking: 0
11-30 04:57:58.579: A/STECamera(1501): CAM API[001354251480345141999]: setParameters() Pid: 1501 Tid: 1501 Pri: 0 This: 0xc0958
11-30 04:58:00.331: A/STECamera(1501): Thumbnail Width: 160 Height: 120 Quality: 90
11-30 04:58:00.331: A/STECamera(1501): Rotation: 90 WhiteBalance: auto Effect: none Antibanding: 50hz
11-30 04:58:00.331: A/STECamera(1501): SceneMode: auto Flash: auto Focus: continuous-video
11-30 04:58:00.331: A/STECamera(1501): Preview Width: 864 Height: 480 FrameRate: 30 Framerate(New API): (30,30) Format : yuv420sp
11-30 04:58:00.331: A/STECamera(1501): Picture Width: 2560 Height: 1440 Format : jpeg Quality: 90
11-30 04:58:00.331: A/STECamera(1501): Contrast: 0 Brightness: 50 Saturation: 0
11-30 04:58:00.331: A/STECamera(1501): Sharpness: 0 Region Control: region-control-off
11-30 04:58:00.331: A/STECamera(1501): Cam Mode: (null)
11-30 04:58:00.331: A/STECamera(1501): Zoom Parameters: KEY_ZOOM = 0 KEY_MAX_ZOOM = 40 KEY_ZOOM_RATIOS: 100,107,115,123,132,141,152,162,174,187,200,214,230,246,264,283,303,325,348,373,400,429,459,492,528,566,606,650,696,746,800,857,919,985,1056,1131,1213,1300,1393,1493,1600
11-30 04:58:00.331: E/OSTTRACE(1501): :ENS_Component_Fsm.cpp:621:OMX handle 0x19b158: ID 0:ENS_PROXY: ENS_Component_Fsm: defaultBehavior GETCONFIG_SIG error: 0
11-30 04:58:00.331: D/OSTTRACE(1501): :camera.cpp:1744:Entry Camera::applyConfig
11-30 04:58:00.331: D/OSTTRACE(1501): :camera.cpp:2308:Exit Camera::applyConfig (0)
11-30 04:58:00.331: E/OSTTRACE(1501): :ENS_Component_Fsm.cpp:621:OMX handle 0x19b158: ID 0:ENS_PROXY: ENS_Component_Fsm: defaultBehavior GETCONFIG_SIG error: 0
11-30 04:58:00.331: D/OSTTRACE(1501): :camera.cpp:1744:Entry Camera::applyConfig
11-30 04:58:00.331: D/OSTTRACE(1501): :camera.cpp:2308:Exit Camera::applyConfig (0)
11-30 04:58:00.331: E/OSTTRACE(1501): :ENS_Component_Fsm.cpp:621:OMX handle 0x19b158: ID 0:ENS_PROXY: ENS_Component_Fsm: defaultBehavior GETCONFIG_SIG error: 0
11-30 04:58:00.331: D/OSTTRACE(1501): :camera.cpp:1744:Entry Camera::applyConfig
11-30 04:58:00.331: D/OSTTRACE(1501): :camera.cpp:2308:Exit Camera::applyConfig (0)
11-30 04:58:00.331: E/OSTTRACE(1501): :ENS_Component_Fsm.cpp:621:OMX handle 0x19b158: ID 0:ENS_PROXY: ENS_Component_Fsm: defaultBehavior GETCONFIG_SIG error: 0
11-30 04:58:00.331: D/OSTTRACE(1501): :camera.cpp:1744:Entry Camera::applyConfig
11-30 04:58:00.331: D/OSTTRACE(1501): :camera.cpp:2308:Exit Camera::applyConfig (0)
11-30 04:58:00.331: E/OSTTRACE(1501): :ENS_Component_Fsm.cpp:621:OMX handle 0x19b158: ID 0:ENS_PROXY: ENS_Component_Fsm: defaultBehavior GETCONFIG_SIG error: 0
11-30 04:58:00.331: D/OSTTRACE(1501): :camera.cpp:1744:Entry Camera::applyConfig
11-30 04:58:00.331: D/OSTTRACE(1501): :camera.cpp:2308:Exit Camera::applyConfig (0)
11-30 04:58:00.341: E/OSTTRACE(1501): :ENS_Component_Fsm.cpp:621:OMX handle 0x19b158: ID 0:ENS_PROXY: ENS_Component_Fsm: defaultBehavior GETCONFIG_SIG error: 0
11-30 04:58:00.341: D/OSTTRACE(1501): :camera.cpp:1744:Entry Camera::applyConfig
11-30 04:58:00.341: D/STECamera(1501): Setting SEMC extended parameter: semc-metering-mode = center-weighted
11-30 04:58:00.341: E/OSTTRACE(1501): :ENS_Component_Fsm.cpp:621:OMX handle 0x19b158: ID 0:ENS_PROXY: ENS_Component_Fsm: defaultBehavior GETCONFIG_SIG error: 0
11-30 04:58:00.341: D/STECamera(1501): OMX_GetConfig gave old value for metering mode: center
11-30 04:58:00.341: D/OSTTRACE(1501): :camera.cpp:1744:Entry Camera::applyConfig
11-30 04:58:00.341: D/OSTTRACE(1501): :camera.cpp:2308:Exit Camera::applyConfig (0)
11-30 04:58:00.341: D/STECamera(1501): Setting SEMC extended parameter: semc-vs = off
11-30 04:58:00.341: D/STECamera(1501): Setting SEMC extended parameter: semc-smile-detect = off
11-30 04:58:00.341: W/STECamera(1501): Parameter smile is set: off, but smile detection is not in effect since face detect engine is not ready!
11-30 04:58:00.341: D/STECamera(1501): Setting SEMC extended parameter: semc-focus-area = center
11-30 04:58:00.341: E/OSTTRACE(1501): :ENS_Component_Fsm.cpp:621:OMX handle 0x19b158: ID 0:ENS_PROXY: ENS_Component_Fsm: defaultBehavior GETCONFIG_SIG error: 0
11-30 04:58:00.341: D/STECamera(1501): Setting SEMC extended parameter: semc-user-focus-area-x = 50
11-30 04:58:00.341: E/OSTTRACE(1501): :ENS_Component_Fsm.cpp:621:OMX handle 0x19b158: ID 0:ENS_PROXY: ENS_Component_Fsm: defaultBehavior GETCONFIG_SIG error: 0
11-30 04:58:00.341: D/STECamera(1501): Setting SEMC extended parameter: semc-user-focus-area-y = 50
11-30 04:58:00.341: E/OSTTRACE(1501): :ENS_Component_Fsm.cpp:621:OMX handle 0x19b158: ID 0:ENS_PROXY: ENS_Component_Fsm: defaultBehavior GETCONFIG_SIG error: 0
11-30 04:58:00.341: D/STECamera(1501): Setting SEMC extended parameter: semc-video-mode = off
11-30 04:58:00.341: D/STECamera(1501): Setting SEMC extended parameter: semc-iso = 100
11-30 04:58:00.341: E/OSTTRACE(1501): :ENS_Component_Fsm.cpp:621:OMX handle 0x19b158: ID 0:ENS_PROXY: ENS_Component_Fsm: defaultBehavior GETCONFIG_SIG error: 0
11-30 04:58:00.341: D/STECamera(1501): OMX_GetConfig for ISO value returned - auto: yes, sensitivity: 800
11-30 04:58:00.341: D/OSTTRACE(1501): :camera.cpp:1744:Entry Camera::applyConfig
11-30 04:58:00.341: D/OSTTRACE(1501): :camera.cpp:2308:Exit Camera::applyConfig (0)
11-30 04:58:00.341: D/STECamera(1501): Setting SEMC extended parameter: semc-ae-mode = auto
11-30 04:58:00.341: E/OSTTRACE(1501): :ENS_Component_Fsm.cpp:621:OMX handle 0x19b158: ID 0:ENS_PROXY: ENS_Component_Fsm: defaultBehavior GETCONFIG_SIG error: 0
11-30 04:58:00.341: D/STECamera(1501): OMX_GetConfig for Auto Exposure value returned (before applying the new values):
11-30 04:58:00.341: D/STECamera(1501): auto iso: yes, sensitivity: 100
11-30 04:58:00.341: D/STECamera(1501): auto shutter: yes, speed: 59 ms
11-30 04:58:00.341: D/STECamera(1501): auto aperture: yes, size: 0
11-30 04:58:00.341: D/OSTTRACE(1501): :camera.cpp:1744:Entry Camera::applyConfig
11-30 04:58:00.341: D/OSTTRACE(1501): :camera.cpp:2308:Exit Camera::applyConfig (0)
11-30 04:58:00.341: A/STECamera(1501): CAM API[001354251480351184479]: enableMsgType() Pid: 1501 Tid: 1782 Pri: 0 This: 0xc0958 MsgType: unknown(0x01c2)
11-30 04:58:00.341: A/STECamera(1501): CAM API[001354251480351367584]: takePicture() Pid: 1501 Tid: 1782 Pri: 0 This: 0xc0958
11-30 04:58:00.341: A/STECamera(1501): >CAM API[001354251480351428619]: previewEnabled() Pid: 1501 Tid: 1782 Pri: 0 This: 0xc0958
11-30 04:58:00.341: A/STECamera(1501): CAM API[001354251480582568757]: disableMsgType() Pid: 1501 Tid: 16223 Pri: -20 This: 0xc0958 MsgType: CAMERA_MSG_SHUTTER(0x0002)
11-30 04:58:00.571: A/STECamera(1501): CAM API[001354251480582751862]: getParameters() Pid: 1501 Tid: 16223 Pri: -20 This: 0xc0958
11-30 04:58:00.571: A/STECamera(1501): CAM API[001354251480582843415]: getRawHeap() Pid: 1501 Tid: 16223 Pri: -20 This: 0xc0958
11-30 04:58:00.571: A/STECamera(1501): CAM API[001354251480732226959]: disableMsgType() Pid: 1501 Tid: 16223 Pri: -20 This: 0xc0958 MsgType: CAMERA_MSG_RAW_IMAGE(0x0080)
11-30 04:58:00.721: A/STECamera(1501): CAM API[001354251480743610015]: disableMsgType() Pid: 1501 Tid: 16254 Pri: 0 This: 0xc0958 MsgType: CAMERA_MSG_COMPRESSED_IMAGE(0x0100)
11-30 04:58:00.731: A/STECamera(1501): CAM API[001354251480747516264]: previewEnabled() Pid: 1501 Tid: 1501 Pri: 0 This: 0xc0958
11-30 04:58:00.731: A/STECamera(1501): CAM API[001354251480748370757]: sendCommand() Pid: 1501 Tid: 1720 Pri: 0 This: 0xc0958 Command: unknown(131072) Arg1: 0 Arg2: 0
11-30 04:58:00.741: A/STECamera(1501): >CAM API[001354251480748462310]: cancelAutoFocus() Pid: 1501 Tid: 1720 Pri: 0 This: 0xc0958
11-30 04:58:00.741: D/OSTTRACE(1501): :camera.cpp:1744:Entry Camera::applyConfig
11-30 04:58:00.741: D/OSTTRACE(1501): :camera.cpp:2308:Exit Camera::applyConfig (0)
11-30 04:58:00.741: D/OSTTRACE(1501): :camera.cpp:1744:Entry Camera::applyConfig
11-30 04:58:00.741: D/OSTTRACE(1501): :camera.cpp:2308:Exit Camera::applyConfig (0)
11-30 04:58:00.741: I/STECamFocusHandler(1501): >>> setUpFocusLockImmediate: Setting immediate locks: af=-1, ae=0, awb=0
11-30 04:58:00.741: I/STECamFocusHandler(1501): Setting ExposureLock: OMX_SYMBIAN_LockOff
11-30 04:58:00.741: D/OSTTRACE(1501): :camera.cpp:1744:Entry Camera::applyConfig
11-30 04:58:00.741: D/OSTTRACE(1501): :camera.cpp:2308:Exit Camera::applyConfig (0)
11-30 04:58:00.741: I/STECamFocusHandler(1501): Setting WhiteBalanceLock: OMX_SYMBIAN_LockOff
11-30 04:58:00.741: D/OSTTRACE(1501): :camera.cpp:1744:Entry Camera::applyConfig
11-30 04:58:00.741: D/OSTTRACE(1501): :camera.cpp:2308:Exit Camera::applyConfig (0)
11-30 04:58:00.741: I/STECamFocusHandler(1501): <<< setUpFocusLockImmediate: 0
11-30 04:58:00.741: E/OSTTRACE(1501): :ENS_Component_Fsm.cpp:621:OMX handle 0x19b158: ID 0:ENS_PROXY: ENS_Component_Fsm: defaultBehavior GETCONFIG_SIG error: 0
11-30 04:58:00.741: D/OSTTRACE(1501): :camera.cpp:1744:Entry Camera::applyConfig
11-30 04:58:00.741: D/OSTTRACE(1501): :camera.cpp:1986:e_OMXCAM_ShotToShot 1
11-30 04:58:00.741: D/OSTTRACE(1501): :camera.cpp:1987:e_OMXCAM_AF 1
11-30 04:58:00.741: D/OSTTRACE(1501): :camera.cpp:1994:e_OMXCAM_TotalShutterLag 1
11-30 04:58:00.741: D/OSTTRACE(1501): :camera.cpp:2308:Exit Camera::applyConfig (0)
11-30 04:58:00.741: E/OSTTRACE(1501): :ENS_Component_Fsm.cpp:621:OMX handle 0x19b158: ID 0:ENS_PROXY: ENS_Component_Fsm: defaultBehavior GETCONFIG_SIG error: 0
11-30 04:58:00.741: E/OSTTRACE(1501): :ENS_Component_Fsm.cpp:621:OMX handle 0x19b158: ID 0:ENS_PROXY: ENS_Component_Fsm: defaultBehavior GETCONFIG_SIG error: 0
11-30 04:58:00.741: A/STECamera(1501): CAM API[001354251480749835601]: previewEnabled() Pid: 1501 Tid: 1782 Pri: 0 This: 0xc0958
11-30 04:58:00.741: A/STECamera(1501): CAM API[001354251480750018707]: enableMsgType() Pid: 1501 Tid: 1782 Pri: 0 This: 0xc0958 MsgType: CAMERA_MSG_PREVIEW_FRAME(0x0010)
11-30 04:58:00.741: A/STECamera(1501): CAM API[001354251480750140777]: startPreview() Pid: 1501 Tid: 1782 Pri: 0 This: 0xc0958
11-30 04:58:00.811: D/OSTTRACE(1501): :preview_statemachine.cpp:370:e_OMXCAM_ShotToShot 0
11-30 04:58:00.821: D/OSTTRACE(1501): :camera.cpp:677:e_OMXCAM_ShotToSnapshot 0
11-30 04:58:00.821: A/STECamera(1501): CAM API[001354251480832843414]: getParameters() Pid: 1501 Tid: 1782 Pri: 0 This: 0xc0958
11-30 04:58:00.821: A/STECamera(1501): CAM API[001354251480832996002]: recordingEnabled() Pid: 1501 Tid: 1782 Pri: 0 This: 0xc0958
11-30 04:58:00.821: A/STECamera(1501): CAM API[001354251480833148590]: getPreviewHeap() Pid: 1501 Tid: 1782 Pri: 0 This: 0xc0958
11-30 04:58:00.821: A/STECamera(1501): CAM API[001354251477011584869]: sendCommand() Pid: 1501 Tid: 1782 Pri: 0 This: 0xc0958 Command: unknown(262144) Arg1: 0 Arg2: 0CAM API[001354251478580859771]: sendCommand() Pid: 1501 Tid: 1720 Pri: 0 This: 0xc0958 Command: unknown(524288) Arg1: -2130679199 Arg2: 0CAM API[001354251478581317535]: sendCommand() Pid: 1501 Tid: 1720 Pri: 0 This: 0xc0958 Command: unknown(65536) Arg1: 7 Arg2: 0CAM API[001354251480345080964]: setParameters() Pid: 1501 Tid: 1501 Pri: 0 This: 0xc0958 Thumbnail Width: 160 Height: 120 Quality: 90Rotation: 90 WhiteBalance: auto Effect: none Antibanding: 50hzSceneMode: auto Flash: auto Focus: continuous-videoPreview Width: 864 Height: 480 FrameRate: 30 Framerate(New API): (30,30) Format : yuv420spPicture Width: 2560 Height
11-30 04:58:00.851: D/MediaScannerService(15333): IMediaScannerService.scanFile: /mnt/sdcard/DCIM/100ANDRO/DSC_0047.jpg mimeType: null
11-30 04:58:00.861: E/CMarlinMediator(1460): [1079120184] ERROR : const sony::drm::CTime sony::drm::CMarlinMediator::getTrustedTime() calling tt_GetTrustedTime. return code 588120065
11-30 04:58:00.871: D/UploadsManager(15324): FsId changed! -1
11-30 04:58:00.881: D/OSTTRACE(1501): :camera.cpp:502:e_OMXCAM_VPB0FrameRate 0
11-30 04:58:00.881: D/OSTTRACE(1501): :camera.cpp:503:e_OMXCAM_VPB0FrameRate 1
11-30 04:58:00.881: D/UploadsManager(15324): fsid not changed
11-30 04:58:00.901: E/CMarlinMediator(1460): [1079104416] ERROR : const sony::drm::CTime sony::drm::CMarlinMediator::getTrustedTime() calling tt_GetTrustedTime. return code 588120065
11-30 04:58:00.942: D/OSTTRACE(1501): :camera.cpp:502:e_OMXCAM_VPB0FrameRate 0
11-30 04:58:00.942: D/OSTTRACE(1501): :camera.cpp:503:e_OMXCAM_VPB0FrameRate 1
11-30 04:58:00.982: E/CMarlinMediator(1460): [1079455112] ERROR : const sony::drm::CTime sony::drm::CMarlinMediator::getTrustedTime() calling tt_GetTrustedTime. return code 588120065
11-30 04:58:00.992: E/CMarlinMediator(1460): [1079383592] ERROR : const sony::drm::CTime sony::drm::CMarlinMediator::getTrustedTime() calling tt_GetTrustedTime. return code 588120065
11-30 04:58:01.002: D/OSTTRACE(1501): :camera.cpp:502:e_OMXCAM_VPB0FrameRate 0
11-30 04:58:01.002: D/OSTTRACE(1501): :camera.cpp:503:e_OMXCAM_VPB0FrameRate 1
11-30 04:58:01.062: D/OSTTRACE(1501): :camera.cpp:502:e_OMXCAM_VPB0FrameRate 0
11-30 04:58:01.062: D/OSTTRACE(1501): :camera.cpp:503:e_OMXCAM_VPB0FrameRate 1
11-30 04:58:01.102: D/dalvikvm(15888): GC_CONCURRENT freed 118K, 47% free 4010K/7495K, external 6505K/8123K, paused 2ms+4ms
11-30 04:58:01.122: D/OSTTRACE(1501): :camera.cpp:502:e_OMXCAM_VPB0FrameRate 0
11-30 04:58:01.122: D/OSTTRACE(1501): :camera.cpp:503:e_OMXCAM_VPB0FrameRate 1
11-30 04:58:01.182: D/OSTTRACE(1501): :camera.cpp:502:e_OMXCAM_VPB0FrameRate 0
11-30 04:58:01.182: D/OSTTRACE(1501): :camera.cpp:503:e_OMXCAM_VPB0FrameRate 1
11-30 04:58:01.212: E/CMarlinMediator(1460): [1079380760] ERROR : const sony::drm::CTime sony::drm::CMarlinMediator::getTrustedTime() calling tt_GetTrustedTime. return code 588120065
11-30 04:58:01.242: D/OSTTRACE(1501): :camera.cpp:502:e_OMXCAM_VPB0FrameRate 0
11-30 04:58:01.242: D/OSTTRACE(1501): :camera.cpp:503:e_OMXCAM_VPB0FrameRate 1
11-30 04:58:01.292: E/CMarlinMediator(1460): [1079497776] ERROR : const sony::drm::CTime sony::drm::CMarlinMediator::getTrustedTime() calling tt_GetTrustedTime. return code 588120065
11-30 04:58:01.302: D/OSTTRACE(1501): :camera.cpp:502:e_OMXCAM_VPB0FrameRate 0
11-30 04:58:01.302: D/OSTTRACE(1501): :camera.cpp:503:e_OMXCAM_VPB0FrameRate 1
11-30 04:58:01.362: D/OSTTRACE(1501): :camera.cpp:502:e_OMXCAM_VPB0FrameRate 0
11-30 04:58:01.362: D/OSTTRACE(1501): :camera.cpp:503:e_OMXCAM_VPB0FrameRate 1
11-30 04:58:01.422: A/STECamera(1501): >CAM API[001354251481431384675]: setParameters() Pid: 1501 Tid: 1501 Pri: 0 This: 0xc0958
11-30 04:58:01.422: A/STECamera(1501): Thumbnail Width: 160 Height: 120 Quality: 90
11-30 04:58:01.422: A/STECamera(1501): Rotation: 90 WhiteBalance: auto Effect: none Antibanding: 50hz
11-30 04:58:01.422: A/STECamera(1501): SceneMode: auto Flash: auto Focus: continuous-video
11-30 04:58:01.422: A/STECamera(1501): Preview Width: 864 Height: 480 FrameRate: 30 Framerate(New API): (30,30) Format : yuv420sp
11-30 04:58:01.422: A/STECamera(1501): Picture Width: 2560 Height: 1440 Format : jpeg Quality: 90
11-30 04:58:01.422: A/STECamera(1501): Contrast: 0 Brightness: 50 Saturation: 0
11-30 04:58:01.422: A/STECamera(1501): Sharpness: 0 Region Control: region-control-off
11-30 04:58:01.422: A/STECamera(1501): Cam Mode: (null)
11-30 04:58:01.422: A/STECamera(1501): Zoom Parameters: KEY_ZOOM = 0 KEY_MAX_ZOOM = 40 KEY_ZOOM_RATIOS: 100,107,115,123,132,141,152,162,174,187,200,214,230,246,264,283,303,325,348,373,400,429,459,492,528,566,606,650,696,746,800,857,919,985,1056,1131,1213,1300,1393,1493,1600
11-30 04:58:01.422: E/OSTTRACE(1501): :ENS_Component_Fsm.cpp:621:OMX handle 0x19b158: ID 0:ENS_PROXY: ENS_Component_Fsm: defaultBehavior GETCONFIG_SIG error: 0
11-30 04:58:01.422: D/OSTTRACE(1501): :camera.cpp:1744:Entry Camera::applyConfig
11-30 04:58:01.422: D/OSTTRACE(1501): :camera.cpp:2308:Exit Camera::applyConfig (0)
11-30 04:58:01.422: E/OSTTRACE(1501): :ENS_Component_Fsm.cpp:621:OMX handle 0x19b158: ID 0:ENS_PROXY: ENS_Component_Fsm: defaultBehavior GETCONFIG_SIG error: 0
11-30 04:58:01.422: D/OSTTRACE(1501): :camera.cpp:1744:Entry Camera::applyConfig
11-30 04:58:01.422: D/OSTTRACE(1501): :camera.cpp:2308:Exit Camera::applyConfig (0)
11-30 04:58:01.422: E/OSTTRACE(1501): :ENS_Component_Fsm.cpp:621:OMX handle 0x19b158: ID 0:ENS_PROXY: ENS_Component_Fsm: defaultBehavior GETCONFIG_SIG error: 0
11-30 04:58:01.422: D/OSTTRACE(1501): :camera.cpp:1744:Entry Camera::applyConfig
11-30 04:58:01.422: D/OSTTRACE(1501): :camera.cpp:2308:Exit Camera::applyConfig (0)
11-30 04:58:01.422: E/OSTTRACE(1501): :ENS_Component_Fsm.cpp:621:OMX handle 0x19b158: ID 0:ENS_PROXY: ENS_Component_Fsm: defaultBehavior GETCONFIG_SIG error: 0
11-30 04:58:01.422: D/OSTTRACE(1501): :camera.cpp:1744:Entry Camera::applyConfig
11-30 04:58:01.422: D/OSTTRACE(1501): :camera.cpp:2308:Exit Camera::applyConfig (0)
11-30 04:58:01.422: E/OSTTRACE(1501): :ENS_Component_Fsm.cpp:621:OMX handle 0x19b158: ID 0:ENS_PROXY: ENS_Component_Fsm: defaultBehavior GETCONFIG_SIG error: 0
11-30 04:58:01.422: D/OSTTRACE(1501): :camera.cpp:1744:Entry Camera::applyConfig
11-30 04:58:01.422: D/OSTTRACE(1501): :camera.cpp:2308:Exit Camera::applyConfig (0)
11-30 04:58:01.422: E/OSTTRACE(1501): :ENS_Component_Fsm.cpp:621:OMX handle 0x19b158: ID 0:ENS_PROXY: ENS_Component_Fsm: defaultBehavior GETCONFIG_SIG error: 0
11-30 04:58:01.422: D/OSTTRACE(1501): :camera.cpp:1744:Entry Camera::applyConfig
11-30 04:58:01.422: D/STECamera(1501): Setting SEMC extended parameter: semc-metering-mode = center-weighted
11-30 04:58:01.422: E/OSTTRACE(1501): :ENS_Component_Fsm.cpp:621:OMX handle 0x19b158: ID 0:ENS_PROXY: ENS_Component_Fsm: defaultBehavior GETCONFIG_SIG error: 0
11-30 04:58:01.422: D/STECamera(1501): OMX_GetConfig gave old value for metering mode: center
11-30 04:58:01.422: D/OSTTRACE(1501): :camera.cpp:1744:Entry Camera::applyConfig
11-30 04:58:01.422: D/OSTTRACE(1501): :camera.cpp:2308:Exit Camera::applyConfig (0)
11-30 04:58:01.422: D/STECamera(1501): Setting SEMC extended parameter: semc-vs = off
11-30 04:58:01.422: D/STECamera(1501): Setting SEMC extended parameter: semc-smile-detect = off
11-30 04:58:01.422: W/STECamera(1501): Client requests to turn off smile detection!
11-30 04:58:01.422: D/STECamera(1501): Setting SEMC extended parameter: semc-focus-area = center
11-30 04:58:01.422: D/STECamera(1501): Setting SEMC extended parameter: semc-user-focus-area-x = 50
11-30 04:58:01.422: E/OSTTRACE(1501): :ENS_Component_Fsm.cpp:621:OMX handle 0x19b158: ID 0:ENS_PROXY: ENS_Component_Fsm: defaultBehavior GETCONFIG_SIG error: 0
11-30 04:58:01.422: D/STECamera(1501): Setting SEMC extended parameter: semc-user-focus-area-y = 50
11-30 04:58:01.422: E/OSTTRACE(1501): :ENS_Component_Fsm.cpp:621:OMX handle 0x19b158: ID 0:ENS_PROXY: ENS_Component_Fsm: defaultBehavior GETCONFIG_SIG error: 0
11-30 04:58:01.422: D/STECamera(1501): Setting SEMC extended parameter: semc-video-mode = off
11-30 04:58:01.422: D/STECamera(1501): Setting SEMC extended parameter: semc-iso = 100
11-30 04:58:01.422: E/OSTTRACE(1501): :ENS_Component_Fsm.cpp:621:OMX handle 0x19b158: ID 0:ENS_PROXY: ENS_Component_Fsm: defaultBehavior GETCONFIG_SIG error: 0
